{"id":46,"date":"2025-03-11T19:42:51","date_gmt":"2025-03-11T19:42:51","guid":{"rendered":"https:\/\/sterownia.com.pl\/?page_id=46"},"modified":"2025-03-21T08:33:43","modified_gmt":"2025-03-21T08:33:43","slug":"zespol","status":"publish","type":"page","link":"https:\/\/sterownia.com.pl\/?page_id=46","title":{"rendered":"Zesp\u00f3\u0142"},"content":{"rendered":"\n<p>Informacje o zespole<\/p>\n\n\n\n<p>Zesp\u00f3\u0142 S.N.O.W. powsta\u0142 jesieni\u0105 2007 z inicjatywy Grzegorza &#8222;Gutka&#8221; Osmali i Grzegorza &#8222;Melona&#8221; Wilkowskiego oraz Krzysztofa &#8222;Thrashu&#8221; Szyd\u0142o i Basista Jaros\u0142aw Krudysz.&nbsp; Po kilku miesi\u0105cach do czw\u00f3rki instrumentalist\u00f3w do\u0142\u0105czy\u0142 wokalista Tomasz &#8222;Wr\u00f3bel&#8221; Wr\u00f3blewski. Kolejnym nabytkiem okaza\u0142 si\u0119 basista Micha\u0142 Piorun kt\u00f3ry wymieni\u0142 Jarka. Przez 17 lat istnienia Zesp\u00f3\u0142 zagra\u0142 szereg koncert\u00f3w i festiwali, zaliczy\u0142 nawet epizod koncertowy w og\u00f3lnopolskiej produkcji filmowej w \u201eZiarnie prawdy\u201d Borysa Lankosza, ekranizacji powie\u015bci Zygmunta Mi\u0142oszewskiego. Koncertowanie nie przeszkodzi\u0142o w tworzeniu nowych kompozycji, pierwsza p\u0142yta ukaza\u0142a si\u0119 w 2010 roku, zatytu\u0142owa\u0142 po prostu &#8222;S.N.O.W.&#8221;&nbsp; Na kolej\u0105 trzeba by\u0142o czeka\u0107 a\u017c siedem lat w 2017 druga p\u0142yta&nbsp; S.N.O.W. pt. \u201ePo drugie\u201d zbieg\u0142a si\u0119 z dziesi\u0119cioleciem istnienia kapeli. Zesp\u00f3\u0142 dwukrotnie go\u015bci\u0142 na scenie koncertowej Polskiego Radia Rzesz\u00f3w. Drugi koncert 16 marca 2018 zaowocowa\u0142 wydanym trzecim albumem koncertowym. W pa\u017adzierniku 2022 zesp\u00f3\u0142 \u015bwi\u0119towa\u0142 pi\u0119tnastolecie swojej dzia\u0142alno\u015bci oraz oficjaln\u0105 premier\u0119 p\u0142yty koncertowej S.N.O.W. \u201en.a. \u017c.y.w.o.\u201d Obecnie S.N.O.W. pracuje nad czwartym wydawnictwem z autorskimi kompozycjami.&nbsp; Muzyka wykonywana przez S.N.O.W. ma ZDECYDOWANIE ROCKOWY charakter \u0142\u0105czy szeroko rozumiane odmiany rocka od raczej ci\u0119\u017ckich riff\u00f3w po melodyjne partie akustyczne okraszone polskimi tekstami, cz\u0119sto do\u015b\u0107 osobistymi.<\/p>\n\n\n\n<p>SK\u0141AD ZESPO\u0141U STAN NA 2025<\/p>\n\n\n\n<figure class=\"wp-block-gallery has-nested-images columns-default is-cropped wp-block-gallery-1 is-layout-flex wp-block-gallery-is-layout-flex\">\n<figure class=\"wp-block-image size-large is-style-default\"><a href=\"https:\/\/sterownia.com.pl\/?attachment_id=296\"><img loading=\"lazy\" decoding=\"async\" width=\"684\" height=\"1024\" data-id=\"296\" src=\"https:\/\/sterownia.com.pl\/wp-content\/uploads\/2025\/03\/DSC_0832-2-2-684x1024.jpg\" alt=\"\" class=\"wp-image-296\" srcset=\"https:\/\/sterownia.com.pl\/wp-content\/uploads\/2025\/03\/DSC_0832-2-2-684x1024.jpg 684w, https:\/\/sterownia.com.pl\/wp-content\/uploads\/2025\/03\/DSC_0832-2-2-200x300.jpg 200w, https:\/\/sterownia.com.pl\/wp-content\/uploads\/2025\/03\/DSC_0832-2-2-768x1150.jpg 768w, https:\/\/sterownia.com.pl\/wp-content\/uploads\/2025\/03\/DSC_0832-2-2-1025x1536.jpg 1025w, https:\/\/sterownia.com.pl\/wp-content\/uploads\/2025\/03\/DSC_0832-2-2-1367x2048.jpg 1367w, https:\/\/sterownia.com.pl\/wp-content\/uploads\/2025\/03\/DSC_0832-2-2-100x150.jpg 100w, https:\/\/sterownia.com.pl\/wp-content\/uploads\/2025\/03\/DSC_0832-2-2-scaled.jpg 1709w\" sizes=\"auto, (max-width: 684px) 100vw, 684px\" \/><\/a><figcaption class=\"wp-element-caption\">Grzegorz MELON WIlkowski &#8211; perkusja<\/figcaption><\/figure>\n\n\n\n<figure class=\"wp-block-image size-large is-style-default\"><a href=\"https:\/\/sterownia.com.pl\/?attachment_id=294\"><img loading=\"lazy\" decoding=\"async\" width=\"684\" height=\"1024\" data-id=\"294\" src=\"https:\/\/sterownia.com.pl\/wp-content\/uploads\/2025\/03\/DSC_0825-2-2-684x1024.jpg\" alt=\"\" class=\"wp-image-294\" srcset=\"https:\/\/sterownia.com.pl\/wp-content\/uploads\/2025\/03\/DSC_0825-2-2-684x1024.jpg 684w, https:\/\/sterownia.com.pl\/wp-content\/uploads\/2025\/03\/DSC_0825-2-2-200x300.jpg 200w, https:\/\/sterownia.com.pl\/wp-content\/uploads\/2025\/03\/DSC_0825-2-2-768x1150.jpg 768w, https:\/\/sterownia.com.pl\/wp-content\/uploads\/2025\/03\/DSC_0825-2-2-1025x1536.jpg 1025w, https:\/\/sterownia.com.pl\/wp-content\/uploads\/2025\/03\/DSC_0825-2-2-1367x2048.jpg 1367w, https:\/\/sterownia.com.pl\/wp-content\/uploads\/2025\/03\/DSC_0825-2-2-100x150.jpg 100w, https:\/\/sterownia.com.pl\/wp-content\/uploads\/2025\/03\/DSC_0825-2-2-scaled.jpg 1709w\" sizes=\"auto, (max-width: 684px) 100vw, 684px\" \/><\/a><figcaption class=\"wp-element-caption\">Tomasz &#8222;Wr\u00f3bel&#8221; Wr\u00f3blewski \u2013 \u015bpiew<\/figcaption><\/figure>\n\n\n\n<figure class=\"wp-block-image size-large is-style-default\"><a href=\"https:\/\/sterownia.com.pl\/wp-content\/uploads\/2025\/03\/DSC_0829-2-1-scaled.jpg\"><img loading=\"lazy\" decoding=\"async\" width=\"684\" height=\"1024\" data-id=\"289\" src=\"https:\/\/sterownia.com.pl\/wp-content\/uploads\/2025\/03\/DSC_0829-2-1-684x1024.jpg\" alt=\"\" class=\"wp-image-289\" srcset=\"https:\/\/sterownia.com.pl\/wp-content\/uploads\/2025\/03\/DSC_0829-2-1-684x1024.jpg 684w, https:\/\/sterownia.com.pl\/wp-content\/uploads\/2025\/03\/DSC_0829-2-1-200x300.jpg 200w, https:\/\/sterownia.com.pl\/wp-content\/uploads\/2025\/03\/DSC_0829-2-1-768x1150.jpg 768w, https:\/\/sterownia.com.pl\/wp-content\/uploads\/2025\/03\/DSC_0829-2-1-1025x1536.jpg 1025w, https:\/\/sterownia.com.pl\/wp-content\/uploads\/2025\/03\/DSC_0829-2-1-1367x2048.jpg 1367w, https:\/\/sterownia.com.pl\/wp-content\/uploads\/2025\/03\/DSC_0829-2-1-100x150.jpg 100w, https:\/\/sterownia.com.pl\/wp-content\/uploads\/2025\/03\/DSC_0829-2-1-scaled.jpg 1709w\" sizes=\"auto, (max-width: 684px) 100vw, 684px\" \/><\/a><figcaption class=\"wp-element-caption\">Grzegorz Gutek Osmala- gitara<\/figcaption><\/figure>\n\n\n\n<figure class=\"wp-block-image size-large is-style-default\"><a href=\"https:\/\/sterownia.com.pl\/wp-content\/uploads\/2025\/03\/unnamed-1-scaled.jpg\"><img loading=\"lazy\" decoding=\"async\" width=\"684\" height=\"1024\" data-id=\"288\" src=\"https:\/\/sterownia.com.pl\/wp-content\/uploads\/2025\/03\/unnamed-1-684x1024.jpg\" alt=\"\" class=\"wp-image-288\" srcset=\"https:\/\/sterownia.com.pl\/wp-content\/uploads\/2025\/03\/unnamed-1-684x1024.jpg 684w, https:\/\/sterownia.com.pl\/wp-content\/uploads\/2025\/03\/unnamed-1-200x300.jpg 200w, https:\/\/sterownia.com.pl\/wp-content\/uploads\/2025\/03\/unnamed-1-768x1150.jpg 768w, https:\/\/sterownia.com.pl\/wp-content\/uploads\/2025\/03\/unnamed-1-1025x1536.jpg 1025w, https:\/\/sterownia.com.pl\/wp-content\/uploads\/2025\/03\/unnamed-1-1367x2048.jpg 1367w, https:\/\/sterownia.com.pl\/wp-content\/uploads\/2025\/03\/unnamed-1-100x150.jpg 100w, https:\/\/sterownia.com.pl\/wp-content\/uploads\/2025\/03\/unnamed-1-scaled.jpg 1709w\" sizes=\"auto, (max-width: 684px) 100vw, 684px\" \/><\/a><figcaption class=\"wp-element-caption\"><strong>Konrad \u201eBadyl\u201d Mogile\u0144ski \u2013 gitara<\/strong><\/figcaption><\/figure>\n\n\n\n<figure class=\"wp-block-image size-large is-style-default\"><a href=\"https:\/\/sterownia.com.pl\/wp-content\/uploads\/2025\/03\/DSC_0830-2-scaled.jpg\"><img loading=\"lazy\" decoding=\"async\" width=\"684\" height=\"1024\" data-id=\"292\" src=\"https:\/\/sterownia.com.pl\/wp-content\/uploads\/2025\/03\/DSC_0830-2-684x1024.jpg\" alt=\"\" class=\"wp-image-292\" srcset=\"https:\/\/sterownia.com.pl\/wp-content\/uploads\/2025\/03\/DSC_0830-2-684x1024.jpg 684w, https:\/\/sterownia.com.pl\/wp-content\/uploads\/2025\/03\/DSC_0830-2-200x300.jpg 200w, https:\/\/sterownia.com.pl\/wp-content\/uploads\/2025\/03\/DSC_0830-2-768x1150.jpg 768w, https:\/\/sterownia.com.pl\/wp-content\/uploads\/2025\/03\/DSC_0830-2-1025x1536.jpg 1025w, https:\/\/sterownia.com.pl\/wp-content\/uploads\/2025\/03\/DSC_0830-2-1367x2048.jpg 1367w, https:\/\/sterownia.com.pl\/wp-content\/uploads\/2025\/03\/DSC_0830-2-100x150.jpg 100w, https:\/\/sterownia.com.pl\/wp-content\/uploads\/2025\/03\/DSC_0830-2-scaled.jpg 1709w\" sizes=\"auto, (max-width: 684px) 100vw, 684px\" \/><\/a><figcaption class=\"wp-element-caption\">\u0141ukasz Duda &#8211; gitara basowa.<\/figcaption><\/figure>\n<\/figure>\n\n\n\n<p><\/p>\n","protected":false},"excerpt":{"rendered":"<p>Informacje o zespole Zesp\u00f3\u0142 S.N.O.W. powsta\u0142 jesieni\u0105 2007 z inicjatywy Grzegorza &#8222;Gutka&#8221; Osmali i Grzegorza &#8222;Melona&#8221; Wilkowskiego oraz Krzysztofa &#8222;Thrashu&#8221; Szyd\u0142o i Basista Jaros\u0142aw Krudysz.&nbsp; Po kilku miesi\u0105cach do czw\u00f3rki instrumentalist\u00f3w do\u0142\u0105czy\u0142 wokalista Tomasz &#8222;Wr\u00f3bel&#8221; Wr\u00f3blewski. Kolejnym nabytkiem okaza\u0142 si\u0119 basista Micha\u0142 Piorun kt\u00f3ry wymieni\u0142 Jarka. Przez 17 lat istnienia Zesp\u00f3\u0142 zagra\u0142 szereg koncert\u00f3w i [&hellip;]<\/p>\n","protected":false},"author":1,"featured_media":0,"parent":0,"menu_order":0,"comment_status":"closed","ping_status":"closed","template":"","meta":{"footnotes":""},"class_list":["post-46","page","type-page","status-publish","hentry"],"_links":{"self":[{"href":"https:\/\/sterownia.com.pl\/index.php?rest_route=\/wp\/v2\/pages\/46","targetHints":{"allow":["GET"]}}],"collection":[{"href":"https:\/\/sterownia.com.pl\/index.php?rest_route=\/wp\/v2\/pages"}],"about":[{"href":"https:\/\/sterownia.com.pl\/index.php?rest_route=\/wp\/v2\/types\/page"}],"author":[{"embeddable":true,"href":"https:\/\/sterownia.com.pl\/index.php?rest_route=\/wp\/v2\/users\/1"}],"replies":[{"embeddable":true,"href":"https:\/\/sterownia.com.pl\/index.php?rest_route=%2Fwp%2Fv2%2Fcomments&post=46"}],"version-history":[{"count":10,"href":"https:\/\/sterownia.com.pl\/index.php?rest_route=\/wp\/v2\/pages\/46\/revisions"}],"predecessor-version":[{"id":602,"href":"https:\/\/sterownia.com.pl\/index.php?rest_route=\/wp\/v2\/pages\/46\/revisions\/602"}],"wp:attachment":[{"href":"https:\/\/sterownia.com.pl\/index.php?rest_route=%2Fwp%2Fv2%2Fmedia&parent=46"}],"curies":[{"name":"wp","href":"https:\/\/api.w.org\/{rel}","templated":true}]}}